er when s is divided by 23.
19
What is the remainder when 20 is divided by 6/4*(2 - (-16)/6)?
6
Suppose -3*x - 3*u = -6, 2*x - 10 = 4*u + 6. Suppose n + 3*n = -4*v + 24, -4*v + 31 = -3*n. What is the remainder when v is divided by x?
3
Suppose -3*w + 18 = -0*w. Suppose w + 0 = 2*z. What is the remainder when 14 is divided by (1 - (0 + z))*-4?
6
Let i(l) = l**3 + 10*l**2 - 11*l + 11. Let q(j) = 9*j - 5. Calculate the remainder when q(4) is divided by i(-11).
9
Suppose 0 = -2*l + 4*l - 34. Let o(v) = 6*v**2 - v + 2. Let y be o(2). Let i = -15 + y. Calculate the remainder when l is divided by i.
8
Let k(l) = -16*l - 4. Let u be k(-3). Let q = u - -64. Suppose 3*d - q = -p, d - 15 - 7 = -5*p. Calculate the remainder when d is divided by 13.
11
Suppose 0 = -5*z + 27 + 3. What is the remainder when 34 is divided by z/(-27) + 110/9?
10
Suppose 5*y = 2*s - 14, -26 = s - 4*s + 5*y. Let i = 26 - s. Calculate the remainder when 40 is divided by i.
12
Let w = -3 + 3. Suppose -3*c + 6*c - 18 = w. Suppose z + 0*z = c. What is the remainder when 17 is divided by z?
5
Calculate the remainder when (512/28 + -2)*7 is divided by 23.
22
Suppose 2*r + 15 + 107 = 3*q, -2*r + 214 = 5*q. Calculate the remainder when 123 is divided by q.
39
Let m = 5 - 2. What is the remainder when (-1)/(m/(-138)*2) is divided by 12?
11
Calculate the remainder when -2 + ((-51)/18)/(1/(-6)) is divided by 4.
3
Let z(o) = o**3 - 10*o**2 - 5*o - 3. What is the remainder when z(11) is divided by 11?
8
Suppose -2*l - 3*s + 82 = 0, -128 = -3*l - l + 3*s. Suppose 5*x + 2*q = 62 + 38, 10 = 2*q. Calculate the remainder when l is divided by x.
17
Suppose -4*b + 2*n - 3*n + 19 = 0, -4*n + 10 = 5*b. Let o = 9 - b. Calculate the remainder when 6 is divided by o.
0
Suppose 5*w = q + 272, -3*q + 8*q - 15 = 0. Calculate the remainder when w is divided by 5/(175/686) + (-3)/5.
17
Let n(k) = -k**2 + 5*k - 3. Let l be n(4). What is the remainder when 16 is divided by l/4 + (-35)/(-4)?
7
Let n = -22 - -41. Calculate the remainder when 73 is divided by n.
16
Let d(k) = 2*k**2 - 9*k + 1. Let a be -5*1/(5/(-6)). What is the remainder when 35 is divided by d(a)?
16
Suppose -4*g = -13*g + 432. Calculate the remainder when g is divided by 17.
14
Suppose -2*v + 175 = 3*v. Calculate the remainder when v is divided by 5 - -2 - -4*2/4.
8
Let o(j) = j**3 + 8*j**2 + 14*j + 3. Calculate the remainder when 13 is divided by o(-3).
1
Let v = -10 + 9. Let s = v + 4. Calculate the remainder when (-2)/(-8) + 31/4 is divided by s.
2
Let i(m) = -m**3 + 10*m**2 + 10*m - 12. Suppose 19 = -5*a + 169. What is the remainder when i(10) is divided by a?
28
Suppose g = 0, 0 = 5*y + 3*g - 27 - 8. Calculate the remainder when 31 is divided by y.
3
Let g(s) = -3 - 2*s + 3*s + 2. Let f be g(7). Calculate the remainder when 27 is divided by ((-8)/(-10))/(f/105).
13
Suppose -2*s = -s + 4*k - 47, 0 = -5*s + 4*k + 307. What is the remainder when s is divided by 15?
14
Suppose 2*c + 4*l = 68, 4*c - 2*c - 2*l - 56 = 0. Calculate the remainder when c is divided by 8.
6
Suppose -3*n + 0*n = 33. Let k = n - -19. Calculate the remainder when 31 is divided by k.
7
Let u be 3/6*-1*-10. Suppose -15 = -u*c + 100. What is the remainder when 44 is divided by c?
21
Let h be (72 - 3/3)*-1. Let z = 119 + h. What is the remainder when z is divided by 25?
23
Suppose 5*i = -2*z + 6*z + 120, 0 = 2*z + 10. Suppose l + 2*x + x + 4 = 0, l - 3*x = i. Calculate the remainder when 12 is divided by l.
4
Let s be (10 + -1)/(9/102). Suppose 0*r = -3*w + 5*r + s, 4*r + 157 = 5*w. What is the remainder when 86 is divided by w?
28
What is the remainder when (9 + -3 - -127) + -2*2 is divided by 33?
30
Let g = 19 - 5. Suppose -10 = 2*s, -q + 3*s - 1 = -g. Calculate the remainder when 17 is divided by 40/6 + q/3.
5
Suppose -12 = -4*o, p + 0*o + 6 = 2*o. Suppose -4*r + 8*r - 48 = p. What is the remainder when 23 is divided by r?
11
Let c be 2/(-8) - (-280)/(-32). Let r = 3 - c. What is the remainder when 35 is divided by r?
11
Suppose 4*j - 5*o - 38 = 309, j - 2*o = 86. Calculate the remainder when j is divided by 6.
4
Let t = 63 - 40. What is the remainder when 113 is divided by t?
21
Suppose -179 - 201 = -4*b + 4*z, 3*b = -2*z + 275. Calculate the remainder when b is divided by 48.
45
Let m(s) = 3*s - 1. Let o = 98 + -69. Suppose 0 = 4*w - o - 23. Calculate the remainder when w is divided by m(2).
3
Suppose 0 = 2*g + 2*g - 24. Let y = 20 - g. What is the remainder when 26 is divided by y?
12
Let d(b) = -b**2 + 5*b + 3. Let f(m) = 2*m**2 - 9*m - 5. Let v(p) = 5*d(p) + 3*f(p). What is the remainder when (-6)/(-7)*70/2 is divided by v(4)?
6
Suppose 4*l - 49 - 113 = -2*u, 2*l - 63 = 5*u. What is the remainder when 116 is divided by l?
38
Suppose -6*z + z - 39 = -4*r, 4*r + 3 = -z. Let m(h) = h**2 + h - 7. Calculate the remainder when m(z) is divided by 19.
16
Let n = -1 - -70. What is the remainder when n is divided by 21?
6
Suppose -6*h + 2*h + 73 = 5*s, 3*h = 4*s + 16. Suppose -6*b - 23 = -7*b. Calculate the remainder when b is divided by h.
11
Let t = -1 - -10. Let h(i) = i**3 + 12*i**2 + 9*i - 19. What is the remainder when t is divided by h(-11)?
0
Let n(l) = -5*l - 1. Calculate the remainder when n(-16) is divided by 10.
9
Let l(u) = -u**2 + 6*u - 3. Let o be l(3). Let v = o - 20. Let i = v + 32. What is the remainder when 34 is divided by i?
16
Let j(k) = k**2 + 4*k - 3. Let z be j(3). Suppose 2*n = n + z. Calculate the remainder when 35 is divided by n.
17
Suppose 0 = -z + 2*z - 5*d - 18, 5*d - 38 = -z. What is the remainder when 54 is divided by z?
26
Let b = 138 - 194. Let s = 89 + b. What is the remainder when 97 is divided by s?
31
Let m(i) = 15*i - 6. Let k be m(4). Suppose 0 = 5*v - n - 48, 5*v + 0*n - k = 3*n. What is the remainder when 25 is divided by v?
7
Let h be (0/(-1))/((-2)/1). Suppose -5*p + 110 - 15 = h. Calculate the remainder when p is divided by 5.
4
Suppose -h = -5*h + 72. What is the remainder when (-4)/h - (-389)/9 is divided by 15?
13
Let r(s) = s - 6. Let n be r(0). Let q(d) = d + 8. What is the remainder when 242/33 - 4/n is divided by q(-5)?
2
Suppose -4*t = 122 - 418. Suppose -29 + t = 5*w. What is the remainder when w is divided by 5?
4
Let m = -15 - -18. Suppose -r + 5*u = 2*r - 93, -3*r + m*u = -87. Calculate the remainder when 50 is divided by r.
24
Let r be ((-1)/(-2))/((-2)/(-24)). Suppose 24 = -2*i + r*i. Suppose -t = -i*t + 215. Calculate the remainder when t is divided by 22.
21
Let v = -28 + 35. Suppose 4*x + 27 = 5*x. What is the remainder when x is divided by v?
6
Suppose 2*r - 3*y + 3 = 18, -5*r + 46 = y. What is the remainder when 9 is divided by r?
0
Let q = 10 - 7. Suppose -2*s = 2, 12 = q*u - s - 31. Suppose 0 = 4*r - 86 - 78. Calculate the remainder when r is divided by u.
13
Let l = 4 + -4. Suppose l = -0*b - 4*b + 104. What is the remainder when b is divided by ((-3)/(-2))/((-3)/(-14))?
5
Let z be (0/(-3) + -1)/(-1). Suppose 0 = i + z. Calculate the remainder when 40 is divided by i - -3 - (2 - 21).
19
Suppose -2*k + n + 4*n + 114 = 0, -5*k + 247 = -3*n. Let t = -41 + 57. What is the remainder when k is divided by t?
15
Let s(f) = 6*f - 1. Let r = 9 - 6. Suppose 4*w + 197 = r*k, -3*k + 135 = -w - 65. Calculate the remainder when k is divided by s(3).
16
Let h(w) = 4*w**2 - 3*w + 3. Calculate the remainder when 12/(-18) - 706/(-6) is divided by h(3).
27
Suppose 2*a + 2*a = 76. Suppose 2*u - 2*r = 32 - 8, 40 = 5*u - r. What is the remainder when -2 + a - (3 - 5) is divided by u?
5
Suppose 2*r - 7*r - 30 = -c, 0 = -5*c - 3*r + 38. Let x be -2 - (2*-1 + -5). Suppose 0 = -x*a + 71 + 19. Calculate the remainder when a is divided by c.
8
Let i = 9 + -15. Let r be ((-6)/(-5))/(i/(-20)). Suppose -4*h - 4 = 0, r*h = -3*u + 31 + 16. What is the remainder when 33 is divided by u?
16
Let w = 4 - -17. Suppose 4*x - 4 = -3*r + 7, 3*r - x - 1 = 0. Let a(b) = 61*b + 1. What is the remainder when a(r) is divided by w?
20
Suppose -4*p - 4*p + 648 = 0. What is the remainder when p is divided by 28?
25
Let b(f) = 4*f**2 + 3*f. Let u be b(3). Suppose 4*j = j + u. Calculate the remainder when 44 is divided by j.
14
Let d(b) = 8*b - 11. Let s be d(8). Let l = s - 26. What is the remainder when l is divided by (8/10)/((-2)/(-35))?
13
Suppose 